{"id":10971,"date":"2024-11-25T14:34:40","date_gmt":"2024-11-25T13:34:40","guid":{"rendered":"https:\/\/fundacionrodriguezacostanew.desarrollotrevenque.com\/the-foundation\/el-carmen-de-la-fundacion\/"},"modified":"2025-11-21T10:23:57","modified_gmt":"2025-11-21T09:23:57","slug":"el-carmen-de-la-fundacion","status":"publish","type":"page","link":"https:\/\/www.fundacionrodriguezacosta.com\/en\/the-foundation\/el-carmen-de-la-fundacion\/","title":{"rendered":"El Carmen de la Fundaci\u00f3n"},"content":{"rendered":"<div class=\"gb-container gb-container-6467a97b alignfull gbp-section\">\n<div class=\"gb-container gb-container-9f52f339 gbp-section__inner\">\n<div class=\"gb-grid-wrapper gb-grid-wrapper-a8ac11ee\">\n<div class=\"gb-grid-column gb-grid-column-163b3f81\"><div class=\"gb-container gb-container-163b3f81\">\n\n<div class=\"gb-headline gb-headline-25327e19 gb-headline-text gbp-section__tagline\">History and Design<\/div>\n\n\n\n<h2 class=\"gb-headline gb-headline-ecbd82a8 gb-headline-text gbp-section__headline\"><span style=\"white-space:pre-wrap;\">An architectural and artistic legacy in the heart of Granada<\/span><\/h2>\n\n\n\n<p>Located in the vicinity of Torres Bermejas and close to the monumental complex of the Alhambra, the headquarters of the Rodriguez-Acosta Foundation is one of the most beautiful architectural projects of its time. Built between 1916 and 1930, its commitment to modernity and the excellence of the ideas, designs and materials used in its conception and construction give it a lasting validity, recognized in its declaration as a national monument in 1982. <\/p>\n\n\n\n<p>Although architects Modesto Cendoya, Teodoro Anasagasti, Ricardo Santacruz and Jos\u00e9 Felipe Jim\u00e9nez Lacal, as well as sculptor Pablo Loyzaga were successively involved in its construction, the carmen bears, both in its general configuration and in each of its details, the personal stamp of Jos\u00e9 Mar\u00eda Rodr\u00edguez-Acosta.<\/p>\n\n\n\n<p>The steep slope of the terrain on which it sits gave rise to the terraces and viewpoints that make up its gardens. These gardens, very unique in the context of the monumental character of Granada&#8217;s c\u00e1rmenes, display a very interesting iconographic program based on the great themes of symbolism: love, death, ruin, madness, contemplative life, etc. <\/p>\n\n<\/div><\/div>\n\n<div class=\"gb-grid-column gb-grid-column-dd0f1d22\"><div class=\"gb-container gb-container-dd0f1d22\"><\/div><\/div>\n<\/div>\n<\/div>\n<\/div>\n\n<div class=\"gb-container gb-container-378dffd3 alignfull gbp-section__inner\">\n<div class=\"gb-container gb-container-644b0c86 gbp-section__inner\">\n<div class=\"gb-grid-wrapper gb-grid-wrapper-9d1f2126\">\n<div class=\"gb-grid-column gb-grid-column-3c396a3c\"><div class=\"gb-container gb-container-3c396a3c\">\n<div class=\"gb-container gb-container-5408cc39\">\n\n<h4 class=\"gb-headline gb-headline-c7c2ef7d gb-headline-text\">The collection<\/h4>\n\n\n\n<p class=\"has-contrast-color has-text-color has-link-color wp-elements-81b7ff48663e01d84f4508b657602076\">Our artistic heritage.<\/p>\n\n\n\n<a class=\"gb-button gb-button-6d3dfe6f btn-icon-only\" href=\"\/en\/collections\/\"><span class=\"gb-icon\"><svg xmlns=\"http:\/\/www.w3.org\/2000\/svg\" fill=\"none\" viewBox=\"0 0 28 16\" height=\"16\" width=\"28\"> <path fill=\"#4E4137\" d=\"M19.5 0L18.085 1.415L23.67 7H0.5V9H23.67L18.085 14.585L19.5 16L27.5 8L19.5 0Z\"><\/path> <\/svg><\/span><\/a>\n\n<\/div>\n\n<div class=\"gb-container gb-container-12e4fecb\"><\/div>\n<\/div><\/div>\n\n<div class=\"gb-grid-column gb-grid-column-a8ee13df\"><div class=\"gb-container gb-container-a8ee13df\">\n<div class=\"gb-container gb-container-c17f7e7f\">\n\n<h4 class=\"gb-headline gb-headline-8a034c40 gb-headline-text\">Guided tour<\/h4>\n\n\n\n<p class=\"has-contrast-color has-text-color has-link-color wp-elements-f3dc10f6c1f623536f85fc7b64eef3e9\">Buy tickets<\/p>\n\n\n\n<a class=\"gb-button gb-button-e99a34b7 btn-icon-only\" href=\"https:\/\/entradasfra.com\/entradas\/\" target=\"_blank\" rel=\"noopener noreferrer\"><span class=\"gb-icon\"><svg xmlns=\"http:\/\/www.w3.org\/2000\/svg\" fill=\"none\" viewBox=\"0 0 28 16\" height=\"16\" width=\"28\"> <path fill=\"#4E4137\" d=\"M19.5 0L18.085 1.415L23.67 7H0.5V9H23.67L18.085 14.585L19.5 16L27.5 8L19.5 0Z\"><\/path> <\/svg><\/span><\/a>\n\n<\/div>\n\n<div class=\"gb-container gb-container-a45692a3\"><\/div>\n<\/div><\/div>\n<\/div>\n<\/div>\n<\/div>\n\n<div class=\"gb-container gb-container-eec2690d alignfull gbp-section\">\n<div class=\"gb-container gb-container-08169d86 gbp-section__inner\">\n<div class=\"gb-grid-wrapper gb-grid-wrapper-f1fdae67\">\n<div class=\"gb-grid-column gb-grid-column-b4a892b3\"><div class=\"gb-container gb-container-b4a892b3\"><\/div><\/div>\n\n<div class=\"gb-grid-column gb-grid-column-c3ee4abb\"><div class=\"gb-container gb-container-c3ee4abb\">\n\n<div class=\"gb-headline gb-headline-2742015c gb-headline-text gbp-section__tagline\">tour of gardens and collections<\/div>\n\n\n\n<h2 class=\"gb-headline gb-headline-40f01b3b gb-headline-text gbp-section__headline\"><span style=\"white-space:pre-wrap;\">Spaces of inspiration and culture<\/span><\/h2>\n\n\n\n<p>The main building was conceived as a painting studio and is a summary of the European styles of the interwar period. The modernism and the germ of rationalism that nourish its formal sobriety &#8211; and even a certain severity &#8211; are linked to the most advanced assumptions of the Viennese <em>Sezession<\/em>. At the same time, it elegantly reinterprets the styles of the past with the incorporation of multiple stone and wood elements of diverse origins and antiquity: Hispano-Muslim columns and capitals, Renaissance doorways and fountains, fragments of Baroque constructions, etc.  <\/p>\n\n\n\n<p>Inside, the library occupies a central place. In contrast to the purity of the exterior, the chromatic and decorative richness of <em>art deco<\/em>, enhanced by a serene luxury, is surprising. It houses Rodr\u00edguez-Acosta&#8217;s select bookstore specializing in art, philosophy, literature and travel, along with the rest of the collections he assembled. Books and art objects are a reflection of a particular cosmopolitan taste, evocative of a wide and exquisite mental universe, populated by pieces from many different countries, styles and periods: paintings, sculptures, enamels, ivories, carpets, glass, ceramics, jewelry, archeological objects, etc. Of particular note are the Greco-Roman and Iberian art pieces, some of which come from excavations in Granada. Also important, although more unusual, is the magnificent collection of Asian art, both Hindu, Chinese and Tibetan, as well as Japanese, Thai and Burmese.     <\/p>\n\n<\/div><\/div>\n<\/div>\n<\/div>\n<\/div>","protected":false},"excerpt":{"rendered":"","protected":false},"author":1,"featured_media":11235,"parent":10667,"menu_order":0,"comment_status":"closed","ping_status":"closed","template":"","meta":{"_acf_changed":false,"footnotes":""},"class_list":["post-10971","page","type-page","status-publish","has-post-thumbnail"],"acf":[],"_links":{"self":[{"href":"https:\/\/www.fundacionrodriguezacosta.com\/en\/wp-json\/wp\/v2\/pages\/10971","targetHints":{"allow":["GET"]}}],"collection":[{"href":"https:\/\/www.fundacionrodriguezacosta.com\/en\/wp-json\/wp\/v2\/pages"}],"about":[{"href":"https:\/\/www.fundacionrodriguezacosta.com\/en\/wp-json\/wp\/v2\/types\/page"}],"author":[{"embeddable":true,"href":"https:\/\/www.fundacionrodriguezacosta.com\/en\/wp-json\/wp\/v2\/users\/1"}],"replies":[{"embeddable":true,"href":"https:\/\/www.fundacionrodriguezacosta.com\/en\/wp-json\/wp\/v2\/comments?post=10971"}],"version-history":[{"count":3,"href":"https:\/\/www.fundacionrodriguezacosta.com\/en\/wp-json\/wp\/v2\/pages\/10971\/revisions"}],"predecessor-version":[{"id":11731,"href":"https:\/\/www.fundacionrodriguezacosta.com\/en\/wp-json\/wp\/v2\/pages\/10971\/revisions\/11731"}],"up":[{"embeddable":true,"href":"https:\/\/www.fundacionrodriguezacosta.com\/en\/wp-json\/wp\/v2\/pages\/10667"}],"wp:featuredmedia":[{"embeddable":true,"href":"https:\/\/www.fundacionrodriguezacosta.com\/en\/wp-json\/wp\/v2\/media\/11235"}],"wp:attachment":[{"href":"https:\/\/www.fundacionrodriguezacosta.com\/en\/wp-json\/wp\/v2\/media?parent=10971"}],"curies":[{"name":"wp","href":"https:\/\/api.w.org\/{rel}","templated":true}]}}

El Carmen de la Fundación

<div class="gb-container gb-container-6467a97b alignfull gbp-section">
<div class="gb-container gb-container-9f52f339 gbp-section__inner">
<div class="gb-grid-wrapper gb-grid-wrapper-a8ac11ee">
<div class="gb-grid-column gb-grid-column-163b3f81"><div class="gb-container gb-container-163b3f81">

<div class="gb-headline gb-headline-25327e19 gb-headline-text gbp-section__tagline">History and Design</div>



<h2 class="gb-headline gb-headline-ecbd82a8 gb-headline-text gbp-section__headline"><span style="white-space:pre-wrap;">An architectural and artistic legacy in the heart of Granada</span></h2>



<p>Located in the vicinity of Torres Bermejas and close to the monumental complex of the Alhambra, the headquarters of the Rodriguez-Acosta Foundation is one of the most beautiful architectural projects of its time. Built between 1916 and 1930, its commitment to modernity and the excellence of the ideas, designs and materials used in its conception and construction give it a lasting validity, recognized in its declaration as a national monument in 1982. </p>



<p>Although architects Modesto Cendoya, Teodoro Anasagasti, Ricardo Santacruz and José Felipe Jiménez Lacal, as well as sculptor Pablo Loyzaga were successively involved in its construction, the carmen bears, both in its general configuration and in each of its details, the personal stamp of José María Rodríguez-Acosta.</p>



<p>The steep slope of the terrain on which it sits gave rise to the terraces and viewpoints that make up its gardens. These gardens, very unique in the context of the monumental character of Granada&#8217;s cármenes, display a very interesting iconographic program based on the great themes of symbolism: love, death, ruin, madness, contemplative life, etc. </p>

</div></div>

<div class="gb-grid-column gb-grid-column-dd0f1d22"><div class="gb-container gb-container-dd0f1d22"></div></div>
</div>
</div>
</div>

<div class="gb-container gb-container-378dffd3 alignfull gbp-section__inner">
<div class="gb-container gb-container-644b0c86 gbp-section__inner">
<div class="gb-grid-wrapper gb-grid-wrapper-9d1f2126">
<div class="gb-grid-column gb-grid-column-3c396a3c"><div class="gb-container gb-container-3c396a3c">
<div class="gb-container gb-container-5408cc39">

<h4 class="gb-headline gb-headline-c7c2ef7d gb-headline-text">The collection</h4>



<p class="has-contrast-color has-text-color has-link-color wp-elements-81b7ff48663e01d84f4508b657602076">Our artistic heritage.</p>



<a class="gb-button gb-button-6d3dfe6f btn-icon-only" href="/en/collections/"><span class="gb-icon"><svg xmlns="http://www.w3.org/2000/svg" fill="none" viewBox="0 0 28 16" height="16" width="28"> <path fill="#4E4137" d="M19.5 0L18.085 1.415L23.67 7H0.5V9H23.67L18.085 14.585L19.5 16L27.5 8L19.5 0Z"></path> </svg></span></a>

</div>

<div class="gb-container gb-container-12e4fecb"></div>
</div></div>

<div class="gb-grid-column gb-grid-column-a8ee13df"><div class="gb-container gb-container-a8ee13df">
<div class="gb-container gb-container-c17f7e7f">

<h4 class="gb-headline gb-headline-8a034c40 gb-headline-text">Guided tour</h4>



<p class="has-contrast-color has-text-color has-link-color wp-elements-f3dc10f6c1f623536f85fc7b64eef3e9">Buy tickets</p>



<a class="gb-button gb-button-e99a34b7 btn-icon-only" href="https://entradasfra.com/entradas/" target="_blank" rel="noopener noreferrer"><span class="gb-icon"><svg xmlns="http://www.w3.org/2000/svg" fill="none" viewBox="0 0 28 16" height="16" width="28"> <path fill="#4E4137" d="M19.5 0L18.085 1.415L23.67 7H0.5V9H23.67L18.085 14.585L19.5 16L27.5 8L19.5 0Z"></path> </svg></span></a>

</div>

<div class="gb-container gb-container-a45692a3"></div>
</div></div>
</div>
</div>
</div>

<div class="gb-container gb-container-eec2690d alignfull gbp-section">
<div class="gb-container gb-container-08169d86 gbp-section__inner">
<div class="gb-grid-wrapper gb-grid-wrapper-f1fdae67">
<div class="gb-grid-column gb-grid-column-b4a892b3"><div class="gb-container gb-container-b4a892b3"></div></div>

<div class="gb-grid-column gb-grid-column-c3ee4abb"><div class="gb-container gb-container-c3ee4abb">

<div class="gb-headline gb-headline-2742015c gb-headline-text gbp-section__tagline">tour of gardens and collections</div>



<h2 class="gb-headline gb-headline-40f01b3b gb-headline-text gbp-section__headline"><span style="white-space:pre-wrap;">Spaces of inspiration and culture</span></h2>



<p>The main building was conceived as a painting studio and is a summary of the European styles of the interwar period. The modernism and the germ of rationalism that nourish its formal sobriety &#8211; and even a certain severity &#8211; are linked to the most advanced assumptions of the Viennese <em>Sezession</em>. At the same time, it elegantly reinterprets the styles of the past with the incorporation of multiple stone and wood elements of diverse origins and antiquity: Hispano-Muslim columns and capitals, Renaissance doorways and fountains, fragments of Baroque constructions, etc.  </p>



<p>Inside, the library occupies a central place. In contrast to the purity of the exterior, the chromatic and decorative richness of <em>art deco</em>, enhanced by a serene luxury, is surprising. It houses Rodríguez-Acosta&#8217;s select bookstore specializing in art, philosophy, literature and travel, along with the rest of the collections he assembled. Books and art objects are a reflection of a particular cosmopolitan taste, evocative of a wide and exquisite mental universe, populated by pieces from many different countries, styles and periods: paintings, sculptures, enamels, ivories, carpets, glass, ceramics, jewelry, archeological objects, etc. Of particular note are the Greco-Roman and Iberian art pieces, some of which come from excavations in Granada. Also important, although more unusual, is the magnificent collection of Asian art, both Hindu, Chinese and Tibetan, as well as Japanese, Thai and Burmese.     </p>

</div></div>
</div>
</div>
</div>
