{"id":10967,"date":"2024-11-25T14:36:36","date_gmt":"2024-11-25T13:36:36","guid":{"rendered":"https:\/\/fundacionrodriguezacostanew.desarrollotrevenque.com\/the-foundation\/manuel-gomez-moreno\/"},"modified":"2025-02-27T12:24:11","modified_gmt":"2025-02-27T11:24:11","slug":"manuel-gomez-moreno","status":"publish","type":"page","link":"https:\/\/www.fundacionrodriguezacosta.com\/en\/the-foundation\/manuel-gomez-moreno\/","title":{"rendered":"Manuel G\u00f3mez-Moreno"},"content":{"rendered":"<div class=\"gb-container gb-container-6467a97b alignfull\">\n<div class=\"gb-container gb-container-9f52f339\">\n<div class=\"gb-grid-wrapper gb-grid-wrapper-a8ac11ee\">\n<div class=\"gb-grid-column gb-grid-column-163b3f81\"><div class=\"gb-container gb-container-163b3f81\">\n\n<div class=\"gb-headline gb-headline-25327e19 gb-headline-text gbp-section__tagline\">Life and legacy<\/div>\n\n\n\n<h2 class=\"gb-headline gb-headline-9f099bd3 gb-headline-text\">Pioneer of Art and History<\/h2>\n\n\n\n<p>In 1970, Manuel G\u00f3mez-Moreno Mart\u00ednez (Granada, 1870-Madrid, 1970), one of the most outstanding personalities of 20th century Spanish culture, died at the age of 100. Author of an extensive bibliography of almost three hundred titles covering the most varied interests of Hispanic archaeology and art history, he entered the scene of historiographic thought in the early years of the last century with the completion of the monumental catalogs of the provinces of Avila, Zamora, Salamanca and Leon. To him we owe essential contributions for the clarification of complete chapters of Iberian archaeology and Hispano-Muslim, Romanesque, Mozarabic and Renaissance art, as well as the primitive languages of the peninsula.<\/p>\n\n\n\n<p>From his chair of Arabic archaeology at the Universidad Central (Madrid) he carried out, from 1913, a fruitful teaching work that, together with his teachings at the Centro de Estudios Hist\u00f3ricos, radiated for decades the universality of his knowledge. His students included art historians Francisco Javier S\u00e1nchez Cant\u00f3n, Diego Angulo and Juan Antonio Gaya Nu\u00f1o, among others; archaeologists Juan Cabr\u00e9, Cayetano de Mergelina, Mart\u00edn Almagro and Antonio Garc\u00eda Bellido, architects Alejandro Ferrant and Leopoldo Torres Balb\u00e1s, etc. He was Director General of Fine Arts in times of the Republic and active defender of heritage during the Civil War through the Artistic Treasure Board. He was also a member of the Royal Academy of History (1917), of the Royal Academy of <a href=\"http:\/\/es.wikipedia.org\/wiki\/Real_Academia_de_Bellas_Artes_de_San_Fernando\" target=\"_blank\" rel=\"noreferrer noopener\">Fine Arts<\/a> (1931) and of the Royal Spanish Academy (1942). He maintained a fruitful relationship with some of the most outstanding intellectuals of his time, such as Miguel de Unamuno, Ram\u00f3n Men\u00e9ndez Pidal and Gregorio Mara\u00f1\u00f3n, among others.<\/p>\n\n\n\n<p>His library, the archive and the artistic and archaeological collection that he managed to gather throughout his long life, as a reflection of his particular sensitivity and his broad archaeological and historical-artistic interests, were donated to the Rodr\u00edguez-Acosta Foundation of Granada upon his death by his heirs, interpreting a fervent paternal wish.<\/p>\n\n\n\n<p>Thus, in 1973 the G\u00f3mez-Moreno Institute was created within the Foundation to conserve, exhibit and disseminate his legacy.<\/p>\n\n<\/div><\/div>\n\n<div class=\"gb-grid-column gb-grid-column-dd0f1d22\"><div class=\"gb-container gb-container-dd0f1d22\"><\/div><\/div>\n<\/div>\n<\/div>\n<\/div>","protected":false},"excerpt":{"rendered":"","protected":false},"author":1,"featured_media":11243,"parent":10667,"menu_order":0,"comment_status":"closed","ping_status":"closed","template":"","meta":{"_acf_changed":false,"footnotes":""},"class_list":["post-10967","page","type-page","status-publish","has-post-thumbnail"],"acf":[],"_links":{"self":[{"href":"https:\/\/www.fundacionrodriguezacosta.com\/en\/wp-json\/wp\/v2\/pages\/10967","targetHints":{"allow":["GET"]}}],"collection":[{"href":"https:\/\/www.fundacionrodriguezacosta.com\/en\/wp-json\/wp\/v2\/pages"}],"about":[{"href":"https:\/\/www.fundacionrodriguezacosta.com\/en\/wp-json\/wp\/v2\/types\/page"}],"author":[{"embeddable":true,"href":"https:\/\/www.fundacionrodriguezacosta.com\/en\/wp-json\/wp\/v2\/users\/1"}],"replies":[{"embeddable":true,"href":"https:\/\/www.fundacionrodriguezacosta.com\/en\/wp-json\/wp\/v2\/comments?post=10967"}],"version-history":[{"count":1,"href":"https:\/\/www.fundacionrodriguezacosta.com\/en\/wp-json\/wp\/v2\/pages\/10967\/revisions"}],"predecessor-version":[{"id":10969,"href":"https:\/\/www.fundacionrodriguezacosta.com\/en\/wp-json\/wp\/v2\/pages\/10967\/revisions\/10969"}],"up":[{"embeddable":true,"href":"https:\/\/www.fundacionrodriguezacosta.com\/en\/wp-json\/wp\/v2\/pages\/10667"}],"wp:featuredmedia":[{"embeddable":true,"href":"https:\/\/www.fundacionrodriguezacosta.com\/en\/wp-json\/wp\/v2\/media\/11243"}],"wp:attachment":[{"href":"https:\/\/www.fundacionrodriguezacosta.com\/en\/wp-json\/wp\/v2\/media?parent=10967"}],"curies":[{"name":"wp","href":"https:\/\/api.w.org\/{rel}","templated":true}]}}

Manuel Gómez-Moreno

<div class="gb-container gb-container-6467a97b alignfull">
<div class="gb-container gb-container-9f52f339">
<div class="gb-grid-wrapper gb-grid-wrapper-a8ac11ee">
<div class="gb-grid-column gb-grid-column-163b3f81"><div class="gb-container gb-container-163b3f81">

<div class="gb-headline gb-headline-25327e19 gb-headline-text gbp-section__tagline">Life and legacy</div>



<h2 class="gb-headline gb-headline-9f099bd3 gb-headline-text">Pioneer of Art and History</h2>



<p>In 1970, Manuel Gómez-Moreno Martínez (Granada, 1870-Madrid, 1970), one of the most outstanding personalities of 20th century Spanish culture, died at the age of 100. Author of an extensive bibliography of almost three hundred titles covering the most varied interests of Hispanic archaeology and art history, he entered the scene of historiographic thought in the early years of the last century with the completion of the monumental catalogs of the provinces of Avila, Zamora, Salamanca and Leon. To him we owe essential contributions for the clarification of complete chapters of Iberian archaeology and Hispano-Muslim, Romanesque, Mozarabic and Renaissance art, as well as the primitive languages of the peninsula.</p>



<p>From his chair of Arabic archaeology at the Universidad Central (Madrid) he carried out, from 1913, a fruitful teaching work that, together with his teachings at the Centro de Estudios Históricos, radiated for decades the universality of his knowledge. His students included art historians Francisco Javier Sánchez Cantón, Diego Angulo and Juan Antonio Gaya Nuño, among others; archaeologists Juan Cabré, Cayetano de Mergelina, Martín Almagro and Antonio García Bellido, architects Alejandro Ferrant and Leopoldo Torres Balbás, etc. He was Director General of Fine Arts in times of the Republic and active defender of heritage during the Civil War through the Artistic Treasure Board. He was also a member of the Royal Academy of History (1917), of the Royal Academy of <a href="http://es.wikipedia.org/wiki/Real_Academia_de_Bellas_Artes_de_San_Fernando" target="_blank" rel="noreferrer noopener">Fine Arts</a> (1931) and of the Royal Spanish Academy (1942). He maintained a fruitful relationship with some of the most outstanding intellectuals of his time, such as Miguel de Unamuno, Ramón Menéndez Pidal and Gregorio Marañón, among others.</p>



<p>His library, the archive and the artistic and archaeological collection that he managed to gather throughout his long life, as a reflection of his particular sensitivity and his broad archaeological and historical-artistic interests, were donated to the Rodríguez-Acosta Foundation of Granada upon his death by his heirs, interpreting a fervent paternal wish.</p>



<p>Thus, in 1973 the Gómez-Moreno Institute was created within the Foundation to conserve, exhibit and disseminate his legacy.</p>

</div></div>

<div class="gb-grid-column gb-grid-column-dd0f1d22"><div class="gb-container gb-container-dd0f1d22"></div></div>
</div>
</div>
</div>
