{"id":10959,"date":"2024-11-26T14:21:05","date_gmt":"2024-11-26T13:21:05","guid":{"rendered":"https:\/\/fundacionrodriguezacostanew.desarrollotrevenque.com\/the-foundation\/the-institution\/board-of-trustees\/"},"modified":"2025-02-27T12:24:11","modified_gmt":"2025-02-27T11:24:11","slug":"board-of-trustees","status":"publish","type":"page","link":"https:\/\/www.fundacionrodriguezacosta.com\/en\/the-foundation\/the-institution\/board-of-trustees\/","title":{"rendered":"Board of Trustees"},"content":{"rendered":"<div class=\"gb-container gb-container-d2bf6227 alignfull gbp-section\">\n<div class=\"gb-container gb-container-c433389f gbp-section__inner\">\n\n<h2 class=\"gb-headline gb-headline-1bfe24a4 gb-headline-text\"><strong>Members of the Board of Trustees of the Rodriguez Acosta Public Foundation<\/strong><\/h2>\n\n\n\n<p class=\"has-accent-color has-text-color has-link-color wp-elements-ce88b449248543cde693314d71d2773c\">(February 19, 2024)  <\/p>\n\n\n\n<div style=\"height:25px\" aria-hidden=\"true\" class=\"wp-block-spacer\"><\/div>\n\n\n\n<p><strong>Mr. Juan Manuel MORENO BONILLA<\/strong>. Head of the Presidency of the Regional Government of Andalusia. <\/p>\n\n\n\n<p><\/p>\n\n\n\n<div style=\"height:50px\" aria-hidden=\"true\" class=\"wp-block-spacer\"><\/div>\n\n\n\n<h3 class=\"gb-headline gb-headline-4f7c5950 gb-headline-text\"><strong>Ex officio employers<\/strong><\/h3>\n\n\n\n<p><strong>Ms.<\/strong>Patricia del Pozo Fern\u00e1ndez. Head of the Department of Culture and Sports of the Regional Government of Andalusia (<em>President<\/em>). <\/p>\n\n\n\n<p><strong>Ms. Marifr\u00e1n CARAZO VILLALONGA <\/strong>. Holder occupying the office of Mayor of Grenada. <\/p>\n\n\n\n<p><strong>D. Francisco P. RODR\u00cdGUEZ GUERRERO<\/strong>. President of the Diputaci\u00f3n Provincial de Granada. <\/p>\n\n\n\n<p><strong>D. Pedro MERCADO PACHECO<\/strong>. Head of the Rectorate of the University of Granada. <\/p>\n\n\n\n<p><strong>Mr. Jos\u00e9 \u00c1ngel V\u00c9LEZ GONZ\u00c1LEZ.<\/strong>  Head of the General Secretariat for Cultural Innovation and Museums of the Department of Culture and Sports of the Regional Government of Andalusia.<\/p>\n\n\n\n<p><strong>Ms. Mar S\u00c1NCHEZ ESTRELLA<\/strong>. Head of the General Secretariat of Historical and Documentary Heritage of the Department of Culture and Sports of the Andalusian Regional Government. <\/p>\n\n\n\n<p><strong>D. Antonio Jes\u00fas GRANADOS GARC\u00cdA<\/strong>, Head of the Government Delegation of the Junta de Andaluc\u00eda in Granada. <\/p>\n\n\n\n<p><strong>Mrs. M\u00f3nica ORT\u00cdZ S\u00c1NCHEZ <\/strong>. Head of the General Directorate responsible for Historical Heritage (General Director of Historical Heritage). <\/p>\n\n\n\n<p><strong>Mr. Joaqu\u00edn GALLARDO GUTI\u00c9RREZ<\/strong>. Representative of the Regional Ministry of Finance, with at least the rank of Directorate General, (Ministry of Finance, Industry and Energy of the Regional Government of Andalusia. General Director of Historical Heritage)<strong>.<\/strong> <\/p>\n\n\n\n<p><strong>D. Rodrigo RUIZ-JIM\u00c9NEZ CARRERA<\/strong>. Head of the Directorate of the Patronato de la Alhambra y Generalife. <\/p>\n\n\n\n<p><strong>D. Fernando A. EGEA FERN\u00c1NDEZ-MONTESINOS<\/strong>. Head of the Territorial Delegation with competences in matters of Culture of the Andalusian Regional Government in Granada (Territorial Delegation of Tourism, Culture and Sports in Granada), (<em>Manager<\/em>). <\/p>\n\n\n\n<div style=\"height:50px\" aria-hidden=\"true\" class=\"wp-block-spacer\"><\/div>\n\n\n\n<h3 class=\"gb-headline gb-headline-b776301e gb-headline-text\">Elective Trustees<\/h3>\n\n\n\n<div style=\"height:25px\" aria-hidden=\"true\" class=\"wp-block-spacer\"><\/div>\n\n\n\n<h4 class=\"gb-headline gb-headline-183a65ce gb-headline-text\"><strong>Foundational electives<\/strong><\/h4>\n\n\n\n<p><strong>Mrs. Mar\u00eda Teresa JIM\u00c9NEZ V\u00cdLCHEZ <\/strong><\/p>\n\n\n\n<p><strong>Mr. Jos\u00e9 Mar\u00eda RODR\u00cdGUEZ-ACOSTA M\u00c1RQUEZ  <\/strong><\/p>\n\n\n\n<p><strong>D. Rafael L\u00d3PEZ CANTAL  <\/strong><\/p>\n\n\n\n<p><strong>D. Enrique G\u00c1MEZ ORTEGA<\/strong><\/p>\n\n\n\n<div style=\"height:25px\" aria-hidden=\"true\" class=\"wp-block-spacer\"><\/div>\n\n\n\n<h4 class=\"gb-headline gb-headline-324b80b4 gb-headline-text\"><strong>Junta de Andaluc\u00eda Elections<\/strong><\/h4>\n\n\n\n<p><strong>D. Miguel Luis L\u00d3PEZ-GUADALUPE MU\u00d1\u00d3Z<\/strong><\/p>\n\n\n\n<p><strong>Ms. Remedios S\u00c1NCHEZ GARC\u00cdA <\/strong><\/p>\n\n\n\n<div style=\"height:25px\" aria-hidden=\"true\" class=\"wp-block-spacer\"><\/div>\n\n\n\n<h4 class=\"gb-headline gb-headline-40bc834c gb-headline-text\"><strong>Secretary of the Board of Trustees  <\/strong><\/h4>\n\n\n\n<p><strong>Juan Carlos FERN\u00c1NDEZ RONQUILLO<\/strong><\/p>\n\n\n\n<div style=\"height:50px\" aria-hidden=\"true\" class=\"wp-block-spacer\"><\/div>\n\n\n\n<p><a href=\"https:\/\/www.juntadeandalucia.es\/organismos\/fpara\/estructura\/patronato.html\" target=\"_blank\" rel=\"noopener\">https:\/\/www.juntadeandalucia.es\/organismos\/fpara\/estructura\/patronato.html<\/a><\/p>\n\n\n\n<p><a href=\"https:\/\/www.juntadeandalucia.es\/organismos\/fpara\/estructura\/comision-ejecutiva.html\" target=\"_blank\" rel=\"noopener\">https:\/\/www.juntadeandalucia.es\/organismos\/fpara\/estructura\/comision-ejecutiva.html<\/a><\/p>\n\n\n\n<p><a href=\"https:\/\/www.juntadeandalucia.es\/organismos\/fpara\/estructura\/titular.html\" target=\"_blank\" rel=\"noopener\">https:\/\/www.juntadeandalucia.es\/organismos\/fpara\/estructura\/titular.html<\/a><\/p>\n\n<\/div>\n<\/div>","protected":false},"excerpt":{"rendered":"<p>Members of the Board of Trustees of the Rodriguez Acosta Public Foundation (February 19, 2024) Mr. Juan Manuel MORENO BONILLA. Head of the Presidency of &#8230; <\/p>\n<p class=\"read-more-container\"><a title=\"Board of Trustees\" class=\"read-more button\" href=\"https:\/\/www.fundacionrodriguezacosta.com\/en\/the-foundation\/the-institution\/board-of-trustees\/#more-10959\" aria-label=\"Read more about Board of Trustees\">READ MORE<\/a><\/p>\n","protected":false},"author":1,"featured_media":5725,"parent":10666,"menu_order":0,"comment_status":"closed","ping_status":"closed","template":"","meta":{"_acf_changed":false,"footnotes":""},"class_list":["post-10959","page","type-page","status-publish","has-post-thumbnail"],"acf":[],"_links":{"self":[{"href":"https:\/\/www.fundacionrodriguezacosta.com\/en\/wp-json\/wp\/v2\/pages\/10959","targetHints":{"allow":["GET"]}}],"collection":[{"href":"https:\/\/www.fundacionrodriguezacosta.com\/en\/wp-json\/wp\/v2\/pages"}],"about":[{"href":"https:\/\/www.fundacionrodriguezacosta.com\/en\/wp-json\/wp\/v2\/types\/page"}],"author":[{"embeddable":true,"href":"https:\/\/www.fundacionrodriguezacosta.com\/en\/wp-json\/wp\/v2\/users\/1"}],"replies":[{"embeddable":true,"href":"https:\/\/www.fundacionrodriguezacosta.com\/en\/wp-json\/wp\/v2\/comments?post=10959"}],"version-history":[{"count":1,"href":"https:\/\/www.fundacionrodriguezacosta.com\/en\/wp-json\/wp\/v2\/pages\/10959\/revisions"}],"predecessor-version":[{"id":10961,"href":"https:\/\/www.fundacionrodriguezacosta.com\/en\/wp-json\/wp\/v2\/pages\/10959\/revisions\/10961"}],"up":[{"embeddable":true,"href":"https:\/\/www.fundacionrodriguezacosta.com\/en\/wp-json\/wp\/v2\/pages\/10666"}],"wp:featuredmedia":[{"embeddable":true,"href":"https:\/\/www.fundacionrodriguezacosta.com\/en\/wp-json\/wp\/v2\/media\/5725"}],"wp:attachment":[{"href":"https:\/\/www.fundacionrodriguezacosta.com\/en\/wp-json\/wp\/v2\/media?parent=10959"}],"curies":[{"name":"wp","href":"https:\/\/api.w.org\/{rel}","templated":true}]}}

<div class="gb-container gb-container-d2bf6227 alignfull gbp-section">
<div class="gb-container gb-container-c433389f gbp-section__inner">

<h2 class="gb-headline gb-headline-1bfe24a4 gb-headline-text"><strong>Members of the Board of Trustees of the Rodriguez Acosta Public Foundation</strong></h2>



<p class="has-accent-color has-text-color has-link-color wp-elements-ce88b449248543cde693314d71d2773c">(February 19, 2024)  </p>



<div style="height:25px" aria-hidden="true" class="wp-block-spacer"></div>



<p><strong>Mr. Juan Manuel MORENO BONILLA</strong>. Head of the Presidency of the Regional Government of Andalusia. </p>



<p></p>



<div style="height:50px" aria-hidden="true" class="wp-block-spacer"></div>



<h3 class="gb-headline gb-headline-4f7c5950 gb-headline-text"><strong>Ex officio employers</strong></h3>



<p><strong>Ms.</strong>Patricia del Pozo Fernández. Head of the Department of Culture and Sports of the Regional Government of Andalusia (<em>President</em>). </p>



<p><strong>Ms. Marifrán CARAZO VILLALONGA </strong>. Holder occupying the office of Mayor of Grenada. </p>



<p><strong>D. Francisco P. RODRÍGUEZ GUERRERO</strong>. President of the Diputación Provincial de Granada. </p>



<p><strong>D. Pedro MERCADO PACHECO</strong>. Head of the Rectorate of the University of Granada. </p>



<p><strong>Mr. José Ángel VÉLEZ GONZÁLEZ.</strong>  Head of the General Secretariat for Cultural Innovation and Museums of the Department of Culture and Sports of the Regional Government of Andalusia.</p>



<p><strong>Ms. Mar SÁNCHEZ ESTRELLA</strong>. Head of the General Secretariat of Historical and Documentary Heritage of the Department of Culture and Sports of the Andalusian Regional Government. </p>



<p><strong>D. Antonio Jesús GRANADOS GARCÍA</strong>, Head of the Government Delegation of the Junta de Andalucía in Granada. </p>



<p><strong>Mrs. Mónica ORTÍZ SÁNCHEZ </strong>. Head of the General Directorate responsible for Historical Heritage (General Director of Historical Heritage). </p>



<p><strong>Mr. Joaquín GALLARDO GUTIÉRREZ</strong>. Representative of the Regional Ministry of Finance, with at least the rank of Directorate General, (Ministry of Finance, Industry and Energy of the Regional Government of Andalusia. General Director of Historical Heritage)<strong>.</strong> </p>



<p><strong>D. Rodrigo RUIZ-JIMÉNEZ CARRERA</strong>. Head of the Directorate of the Patronato de la Alhambra y Generalife. </p>



<p><strong>D. Fernando A. EGEA FERNÁNDEZ-MONTESINOS</strong>. Head of the Territorial Delegation with competences in matters of Culture of the Andalusian Regional Government in Granada (Territorial Delegation of Tourism, Culture and Sports in Granada), (<em>Manager</em>). </p>



<div style="height:50px" aria-hidden="true" class="wp-block-spacer"></div>



<h3 class="gb-headline gb-headline-b776301e gb-headline-text">Elective Trustees</h3>



<div style="height:25px" aria-hidden="true" class="wp-block-spacer"></div>



<h4 class="gb-headline gb-headline-183a65ce gb-headline-text"><strong>Foundational electives</strong></h4>



<p><strong>Mrs. María Teresa JIMÉNEZ VÍLCHEZ </strong></p>



<p><strong>Mr. José María RODRÍGUEZ-ACOSTA MÁRQUEZ  </strong></p>



<p><strong>D. Rafael LÓPEZ CANTAL  </strong></p>



<p><strong>D. Enrique GÁMEZ ORTEGA</strong></p>



<div style="height:25px" aria-hidden="true" class="wp-block-spacer"></div>



<h4 class="gb-headline gb-headline-324b80b4 gb-headline-text"><strong>Junta de Andalucía Elections</strong></h4>



<p><strong>D. Miguel Luis LÓPEZ-GUADALUPE MUÑÓZ</strong></p>



<p><strong>Ms. Remedios SÁNCHEZ GARCÍA </strong></p>



<div style="height:25px" aria-hidden="true" class="wp-block-spacer"></div>



<h4 class="gb-headline gb-headline-40bc834c gb-headline-text"><strong>Secretary of the Board of Trustees  </strong></h4>



<p><strong>Juan Carlos FERNÁNDEZ RONQUILLO</strong></p>



<div style="height:50px" aria-hidden="true" class="wp-block-spacer"></div>



<p><a href="https://www.juntadeandalucia.es/organismos/fpara/estructura/patronato.html" target="_blank" rel="noopener">https://www.juntadeandalucia.es/organismos/fpara/estructura/patronato.html</a></p>



<p><a href="https://www.juntadeandalucia.es/organismos/fpara/estructura/comision-ejecutiva.html" target="_blank" rel="noopener">https://www.juntadeandalucia.es/organismos/fpara/estructura/comision-ejecutiva.html</a></p>



<p><a href="https://www.juntadeandalucia.es/organismos/fpara/estructura/titular.html" target="_blank" rel="noopener">https://www.juntadeandalucia.es/organismos/fpara/estructura/titular.html</a></p>

</div>
</div>
