{"id":10666,"date":"2024-11-22T13:53:11","date_gmt":"2024-11-22T12:53:11","guid":{"rendered":"https:\/\/fundacionrodriguezacostanew.desarrollotrevenque.com\/the-institution\/"},"modified":"2025-11-21T10:22:56","modified_gmt":"2025-11-21T09:22:56","slug":"the-institution","status":"publish","type":"page","link":"https:\/\/www.fundacionrodriguezacosta.com\/en\/the-foundation\/the-institution\/","title":{"rendered":"The institution"},"content":{"rendered":"<div class=\"gb-container gb-container-6467a97b alignfull gbp-section\">\n<div class=\"gb-container gb-container-9f52f339 gbp-section__inner\">\n<div class=\"gb-grid-wrapper gb-grid-wrapper-a8ac11ee\">\n<div class=\"gb-grid-column gb-grid-column-163b3f81\"><div class=\"gb-container gb-container-163b3f81\">\n\n<div class=\"gb-headline gb-headline-25327e19 gb-headline-text gbp-section__tagline\">&nbsp;promotion and dissemination of culture<\/div>\n\n\n\n<h2 class=\"gb-headline gb-headline-ecbd82a8 gb-headline-text gbp-section__headline\"><span style=\"white-space:pre-wrap;\">The headquarters of the Rodriguez Acosta Foundation<\/span><\/h2>\n\n\n\n<p>The carmen of the Rodriguez-Acosta Foundation is one of the most important contemporary buildings in Spain. Its uniqueness earned it the distinction of national monument in 1982, then BIC of the Junta de Andaluc\u00eda.<\/p>\n\n\n\n<p>It is a century-old building, which began to be built in 1916 on a site near Torres Bermejas, on the Mauror hill. Its promoter, the Granada painter Jos\u00e9 Mar\u00eda Rodr\u00edguez-Acosta, took almost 15 years to finish it, with the aim of making it solely his painting studio. Part of its uniqueness comes from this, as it is not structured in its interior as a house and it is linked to the garden that is planted and planned before the building itself.<\/p>\n\n<\/div><\/div>\n\n<div class=\"gb-grid-column gb-grid-column-dd0f1d22\"><div class=\"gb-container gb-container-dd0f1d22\"><\/div><\/div>\n<\/div>\n<\/div>\n<\/div>\n\n<div class=\"gb-container gb-container-e46e0f84 alignfull gbp-section\">\n<div class=\"gb-container gb-container-a5d7a0a9 gbp-section__inner\">\n<div class=\"gb-grid-wrapper gb-grid-wrapper-27e7d346\">\n<div class=\"gb-grid-column gb-grid-column-f210d9d3\"><div class=\"gb-container gb-container-f210d9d3\"><\/div><\/div>\n\n<div class=\"gb-grid-column gb-grid-column-0a99bcf0\"><div class=\"gb-container gb-container-0a99bcf0\">\n\n<div class=\"gb-headline gb-headline-3c3936b8 gb-headline-text gbp-section__tagline\">pre-title<\/div>\n\n\n\n<h2 class=\"gb-headline gb-headline-a03053b0 gb-headline-text gbp-section__headline\">Construction history<\/h2>\n\n\n\n<p>The history of the construction was complex, not only because of the abruptness of the terrain: on the original site there were small old buildings whose remains were demolished to clear the space and adapt it to the new construction. The unevenness of the terrain made it necessary and a solid terracing and conditioning that involved the work of specialists. Jos\u00e9 Mar\u00eda Rodr\u00edguez-Acosta counted on Modesto Cendoya, the architect Ricardo Santa Cruz de la Casa, Teodoro Anasagasti and Jos\u00e9 Felipe Gim\u00e9nez Lacal to direct the works, contributing solutions and ideas, although, as many think, it was the spirit of the painter himself, Jos\u00e9 Mar\u00eda Rodr\u00edguez-Acosta, which is reflected in this architectural work.  <\/p>\n\n<\/div><\/div>\n<\/div>\n<\/div>\n<\/div>\n\n<div class=\"gb-container gb-container-3face441 alignfull gbp-section\">\n<div class=\"gb-container gb-container-4cecca61 gbp-section__inner\">\n<div class=\"gb-grid-wrapper gb-grid-wrapper-664de015\">\n<div class=\"gb-grid-column gb-grid-column-34b0ba62\"><div class=\"gb-container gb-container-34b0ba62\">\n\n<div class=\"gb-headline gb-headline-50d696c3 gb-headline-text gbp-section__tagline\">symbolic discourse<\/div>\n\n\n\n<h2 class=\"gb-headline gb-headline-7a1aea4c gb-headline-text gbp-section__headline\"><span style=\"white-space:pre-wrap;\">The garden<\/span><\/h2>\n\n\n\n<p>Although this building is called &#8220;carmen&#8221; like most of the houses with gardens in the Albaic\u00edn and the Mauror, it really has few formal similarities with this type of building. In the carmen of the Foundation, the spaces destined to vegetable garden are eliminated and most of the land is paved. In this garden, which is being built at the same time as the building, a symbolic discourse is developed, with sculptures and fountains. One of the tendencies that characterize this construction, the use of material from the haulage industry, is particularly visible in the garden. Approximately 10% of the antique construction elements that we find used in the facades in the garden, and the interiors, are antique pieces recovered from other buildings and used with subtle mastery in this one. Along with them we find other materials that are copies of known models of classicism. The ensemble shows a singular and unclassifiable building, which some consider close to Rationalist architecture, but in which other trends of the time can be identified, such as Modernism, Ars Nouveau, etc. Because of its proximity to Torres Bermejas and the Alhambra, there are those who see in it a direct influence of the Nasrid defensive constructions.        <\/p>\n\n<\/div><\/div>\n\n<div class=\"gb-grid-column gb-grid-column-4258980f\"><div class=\"gb-container gb-container-4258980f\"><\/div><\/div>\n<\/div>\n<\/div>\n<\/div>\n\n<div class=\"gb-container gb-container-378dffd3 alignfull\">\n<div class=\"gb-container gb-container-644b0c86 gbp-section__inner\">\n<div class=\"gb-grid-wrapper gb-grid-wrapper-9d1f2126\">\n<div class=\"gb-grid-column gb-grid-column-3c396a3c\"><div class=\"gb-container gb-container-3c396a3c\">\n<div class=\"gb-container gb-container-5408cc39\">\n\n<h4 class=\"gb-headline gb-headline-c7c2ef7d gb-headline-text\">The collection<\/h4>\n\n\n\n<p class=\"has-contrast-color has-text-color has-link-color wp-elements-81b7ff48663e01d84f4508b657602076\">Our artistic heritage.<\/p>\n\n\n\n<a class=\"gb-button gb-button-6d3dfe6f btn-icon-only\" href=\"\/en\/collections\/\"><span class=\"gb-icon\"><svg xmlns=\"http:\/\/www.w3.org\/2000\/svg\" fill=\"none\" viewBox=\"0 0 28 16\" height=\"16\" width=\"28\"> <path fill=\"#4E4137\" d=\"M19.5 0L18.085 1.415L23.67 7H0.5V9H23.67L18.085 14.585L19.5 16L27.5 8L19.5 0Z\"><\/path> <\/svg><\/span><\/a>\n\n<\/div>\n\n<div class=\"gb-container gb-container-12e4fecb\"><\/div>\n<\/div><\/div>\n\n<div class=\"gb-grid-column gb-grid-column-a8ee13df\"><div class=\"gb-container gb-container-a8ee13df\">\n<div class=\"gb-container gb-container-c17f7e7f\">\n\n<h4 class=\"gb-headline gb-headline-8a034c40 gb-headline-text\">Guided tour<\/h4>\n\n\n\n<p class=\"has-contrast-color has-text-color has-link-color wp-elements-f3dc10f6c1f623536f85fc7b64eef3e9\">Buy tickets<\/p>\n\n\n\n<a class=\"gb-button gb-button-e99a34b7 btn-icon-only\" href=\"https:\/\/entradasfra.com\/entradas\/\" target=\"_blank\" rel=\"noopener\"><span class=\"gb-icon\"><svg xmlns=\"http:\/\/www.w3.org\/2000\/svg\" fill=\"none\" viewBox=\"0 0 28 16\" height=\"16\" width=\"28\"> <path fill=\"#4E4137\" d=\"M19.5 0L18.085 1.415L23.67 7H0.5V9H23.67L18.085 14.585L19.5 16L27.5 8L19.5 0Z\"><\/path> <\/svg><\/span><\/a>\n\n<\/div>\n\n<div class=\"gb-container gb-container-a45692a3\"><\/div>\n<\/div><\/div>\n<\/div>\n<\/div>\n<\/div>","protected":false},"excerpt":{"rendered":"","protected":false},"author":1,"featured_media":11240,"parent":10667,"menu_order":0,"comment_status":"closed","ping_status":"closed","template":"","meta":{"_acf_changed":false,"footnotes":""},"class_list":["post-10666","page","type-page","status-publish","has-post-thumbnail"],"acf":[],"_links":{"self":[{"href":"https:\/\/www.fundacionrodriguezacosta.com\/en\/wp-json\/wp\/v2\/pages\/10666","targetHints":{"allow":["GET"]}}],"collection":[{"href":"https:\/\/www.fundacionrodriguezacosta.com\/en\/wp-json\/wp\/v2\/pages"}],"about":[{"href":"https:\/\/www.fundacionrodriguezacosta.com\/en\/wp-json\/wp\/v2\/types\/page"}],"author":[{"embeddable":true,"href":"https:\/\/www.fundacionrodriguezacosta.com\/en\/wp-json\/wp\/v2\/users\/1"}],"replies":[{"embeddable":true,"href":"https:\/\/www.fundacionrodriguezacosta.com\/en\/wp-json\/wp\/v2\/comments?post=10666"}],"version-history":[{"count":2,"href":"https:\/\/www.fundacionrodriguezacosta.com\/en\/wp-json\/wp\/v2\/pages\/10666\/revisions"}],"predecessor-version":[{"id":11730,"href":"https:\/\/www.fundacionrodriguezacosta.com\/en\/wp-json\/wp\/v2\/pages\/10666\/revisions\/11730"}],"up":[{"embeddable":true,"href":"https:\/\/www.fundacionrodriguezacosta.com\/en\/wp-json\/wp\/v2\/pages\/10667"}],"wp:featuredmedia":[{"embeddable":true,"href":"https:\/\/www.fundacionrodriguezacosta.com\/en\/wp-json\/wp\/v2\/media\/11240"}],"wp:attachment":[{"href":"https:\/\/www.fundacionrodriguezacosta.com\/en\/wp-json\/wp\/v2\/media?parent=10666"}],"curies":[{"name":"wp","href":"https:\/\/api.w.org\/{rel}","templated":true}]}}

<div class="gb-container gb-container-6467a97b alignfull gbp-section">
<div class="gb-container gb-container-9f52f339 gbp-section__inner">
<div class="gb-grid-wrapper gb-grid-wrapper-a8ac11ee">
<div class="gb-grid-column gb-grid-column-163b3f81"><div class="gb-container gb-container-163b3f81">

<div class="gb-headline gb-headline-25327e19 gb-headline-text gbp-section__tagline">&nbsp;promotion and dissemination of culture</div>



<h2 class="gb-headline gb-headline-ecbd82a8 gb-headline-text gbp-section__headline"><span style="white-space:pre-wrap;">The headquarters of the Rodriguez Acosta Foundation</span></h2>



<p>The carmen of the Rodriguez-Acosta Foundation is one of the most important contemporary buildings in Spain. Its uniqueness earned it the distinction of national monument in 1982, then BIC of the Junta de Andalucía.</p>



<p>It is a century-old building, which began to be built in 1916 on a site near Torres Bermejas, on the Mauror hill. Its promoter, the Granada painter José María Rodríguez-Acosta, took almost 15 years to finish it, with the aim of making it solely his painting studio. Part of its uniqueness comes from this, as it is not structured in its interior as a house and it is linked to the garden that is planted and planned before the building itself.</p>

</div></div>

<div class="gb-grid-column gb-grid-column-dd0f1d22"><div class="gb-container gb-container-dd0f1d22"></div></div>
</div>
</div>
</div>

<div class="gb-container gb-container-e46e0f84 alignfull gbp-section">
<div class="gb-container gb-container-a5d7a0a9 gbp-section__inner">
<div class="gb-grid-wrapper gb-grid-wrapper-27e7d346">
<div class="gb-grid-column gb-grid-column-f210d9d3"><div class="gb-container gb-container-f210d9d3"></div></div>

<div class="gb-grid-column gb-grid-column-0a99bcf0"><div class="gb-container gb-container-0a99bcf0">

<div class="gb-headline gb-headline-3c3936b8 gb-headline-text gbp-section__tagline">pre-title</div>



<h2 class="gb-headline gb-headline-a03053b0 gb-headline-text gbp-section__headline">Construction history</h2>



<p>The history of the construction was complex, not only because of the abruptness of the terrain: on the original site there were small old buildings whose remains were demolished to clear the space and adapt it to the new construction. The unevenness of the terrain made it necessary and a solid terracing and conditioning that involved the work of specialists. José María Rodríguez-Acosta counted on Modesto Cendoya, the architect Ricardo Santa Cruz de la Casa, Teodoro Anasagasti and José Felipe Giménez Lacal to direct the works, contributing solutions and ideas, although, as many think, it was the spirit of the painter himself, José María Rodríguez-Acosta, which is reflected in this architectural work.  </p>

</div></div>
</div>
</div>
</div>

<div class="gb-container gb-container-3face441 alignfull gbp-section">
<div class="gb-container gb-container-4cecca61 gbp-section__inner">
<div class="gb-grid-wrapper gb-grid-wrapper-664de015">
<div class="gb-grid-column gb-grid-column-34b0ba62"><div class="gb-container gb-container-34b0ba62">

<div class="gb-headline gb-headline-50d696c3 gb-headline-text gbp-section__tagline">symbolic discourse</div>



<h2 class="gb-headline gb-headline-7a1aea4c gb-headline-text gbp-section__headline"><span style="white-space:pre-wrap;">The garden</span></h2>



<p>Although this building is called &#8220;carmen&#8221; like most of the houses with gardens in the Albaicín and the Mauror, it really has few formal similarities with this type of building. In the carmen of the Foundation, the spaces destined to vegetable garden are eliminated and most of the land is paved. In this garden, which is being built at the same time as the building, a symbolic discourse is developed, with sculptures and fountains. One of the tendencies that characterize this construction, the use of material from the haulage industry, is particularly visible in the garden. Approximately 10% of the antique construction elements that we find used in the facades in the garden, and the interiors, are antique pieces recovered from other buildings and used with subtle mastery in this one. Along with them we find other materials that are copies of known models of classicism. The ensemble shows a singular and unclassifiable building, which some consider close to Rationalist architecture, but in which other trends of the time can be identified, such as Modernism, Ars Nouveau, etc. Because of its proximity to Torres Bermejas and the Alhambra, there are those who see in it a direct influence of the Nasrid defensive constructions.        </p>

</div></div>

<div class="gb-grid-column gb-grid-column-4258980f"><div class="gb-container gb-container-4258980f"></div></div>
</div>
</div>
</div>

<div class="gb-container gb-container-378dffd3 alignfull">
<div class="gb-container gb-container-644b0c86 gbp-section__inner">
<div class="gb-grid-wrapper gb-grid-wrapper-9d1f2126">
<div class="gb-grid-column gb-grid-column-3c396a3c"><div class="gb-container gb-container-3c396a3c">
<div class="gb-container gb-container-5408cc39">

<h4 class="gb-headline gb-headline-c7c2ef7d gb-headline-text">The collection</h4>



<p class="has-contrast-color has-text-color has-link-color wp-elements-81b7ff48663e01d84f4508b657602076">Our artistic heritage.</p>



<a class="gb-button gb-button-6d3dfe6f btn-icon-only" href="/en/collections/"><span class="gb-icon"><svg xmlns="http://www.w3.org/2000/svg" fill="none" viewBox="0 0 28 16" height="16" width="28"> <path fill="#4E4137" d="M19.5 0L18.085 1.415L23.67 7H0.5V9H23.67L18.085 14.585L19.5 16L27.5 8L19.5 0Z"></path> </svg></span></a>

</div>

<div class="gb-container gb-container-12e4fecb"></div>
</div></div>

<div class="gb-grid-column gb-grid-column-a8ee13df"><div class="gb-container gb-container-a8ee13df">
<div class="gb-container gb-container-c17f7e7f">

<h4 class="gb-headline gb-headline-8a034c40 gb-headline-text">Guided tour</h4>



<p class="has-contrast-color has-text-color has-link-color wp-elements-f3dc10f6c1f623536f85fc7b64eef3e9">Buy tickets</p>



<a class="gb-button gb-button-e99a34b7 btn-icon-only" href="https://entradasfra.com/entradas/" target="_blank" rel="noopener"><span class="gb-icon"><svg xmlns="http://www.w3.org/2000/svg" fill="none" viewBox="0 0 28 16" height="16" width="28"> <path fill="#4E4137" d="M19.5 0L18.085 1.415L23.67 7H0.5V9H23.67L18.085 14.585L19.5 16L27.5 8L19.5 0Z"></path> </svg></span></a>

</div>

<div class="gb-container gb-container-a45692a3"></div>
</div></div>
</div>
</div>
</div>
